= -m**3 + 6*m**2 - m - 18. What is b(5)?
2
Let j(m) = -13*m**2 + m. Calculate j(2).
-50
Let d(k) = -k**2 + 5*k - 3. Give d(7).
-17
Let c(q) = 6*q**3 - q**2 - 27*q + 27. Give c(1).
5
Let a(v) = -2*v**2 + 24*v - 13. Calculate a(11).
9
Let r(k) = 30*k**3 + k**2 - k. Give r(1).
30
Let q(n) = -4*n**2 + 2*n - 2. Determine q(3).
-32
Let i(p) = -p**2 + 11*p - 12. Determine i(5).
18
Let c(t) = 3*t - 7. Determine c(3).
2
Let f(a) = a**2 + 17*a + 13. Give f(-7).
-57
Let y(m) = -2*m**3 - 7*m**2 - 6*m - 1. Determine y(-4).
39
Let i(m) = -m**3 - 8*m**2 + 57*m + 114. What is i(-12)?
6
Let x(g) = -11*g + 84. Give x(8).
-4
Let q(j) = 8*j - 38. Calculate q(3).
-14
Let j(m) = -3*m**2. What is j(-2)?
-12
Let o(q) = -q**2 - 2*q + 22. Give o(-5).
7
Let d(u) = 2*u**2 + 3*u. Determine d(0).
0
Let c(k) = k**3 - 12*k**2 + 3*k - 41. What is c(12)?
-5
Let q(p) = -p**3 + 4*p**2 + 62*p + 12. What is q(-6)?
0
Let y(n) = -3*n + 12. Calculate y(7).
-9
Let x(g) = -g**3 + 6*g**2 - g - 8. Determine x(7).
-64
Let v(t) = 3*t + 20. What is v(0)?
20
Let w(y) = y**2 + 15*y + 32. Give w(-13).
6
Let u(x) = 5*x - 1. What is u(2)?
9
Let v(r) = r**3 + 9*r**2 - 22*r + 10. Determine v(-11).
10
Let t(s) = 2*s**2 - 148*s - 313. Calculate t(76).
-9
Let t(q) = -29*q**2 + q - 1. What is t(1)?
-29
Let r(t) = t**2 + 12*t. What is r(-5)?
-35
Let g(z) = -3*z**2 + 25*z - 15. What is g(8)?
-7
Let g(p) = -6*p + 19. Determine g(4).
-5
Let k(i) = 3*i - 1. Determine k(-6).
-19
Let r(b) = b + 5. What is r(-5)?
0
Let z(g) = g**3 + 4*g**2 - 12*g + 1. Give z(-6).
1
Let x(l) = 2*l + 19. Calculate x(12).
43
Let a(y) = -y**3 - 15*y**2 - 31*y + 4. Calculate a(-13).
69
Let y(j) = -j**2 + 10*j + 16. Calculate y(10).
16
Let f(t) = 6*t - 8. What is f(-7)?
-50
Let w(r) = r**2 - 7*r + 8. What is w(4)?
-4
Let s(k) = k**2 - 29*k + 166. Calculate s(21).
-2
Let n(u) = -u**3 - 73*u**2 + 82*u + 600. Give n(-74).
8
Let o(x) = -x**3 - x**2 + 6*x + 17. Determine o(-5).
87
Let r(q) = q**3 - 5*q**2 + 6*q - 70. Give r(6).
2
Let f(r) = -r**2 + 13*r - 37. What is f(6)?
5
Let s(z) = -2*z**2 + 7*z + 21. What is s(7)?
-28
Let d(l) = 2*l**2 + 6*l + 9. Calculate d(-4).
17
Let t(a) = -a**2 + a - 3. Give t(0).
-3
Let l(c) = -c**3 + 7*c**2 + 3*c + 3. Give l(6).
57
Let m(b) = b**2 + 45*b + 40. Calculate m(-44).
-4
Let v(o) = o**3 - 8*o**2 - 5*o - 18. Give v(9).
18
Let p(d) = -d**3 - 7*d**2 + 3*d - 16. Give p(-7).
-37
Let d(r) = -r**3 - 5*r**2 - r + 6. Calculate d(-4).
-6
Let h(b) = b + 12. What is h(-6)?
6
Let m(w) = 2*w**2 - w. Calculate m(-1).
3
Let r(a) = -a**2 + 3*a - 4. What is r(3)?
-4
Let s(r) = 3*r**3 - 26*r**2 - 11*r - 4. Determine s(9).
-22
Let v(w) = 3*w**3 - 3*w**2 + 2*w + 2. Give v(2).
18
Let z(p) = -32*p**3 + 2*p**2 + p - 2. Determine z(1).
-31
Let c(m) = -56*m - 1341. Give c(-24).
3
Let z(i) = -84*i**3 + 3*i**2 + 2*i - 1. Determine z(-1).
84
Let t(o) = o**2 + 22*o + 23. Give t(-16).
-73
Let r(j) = -3*j**3 - 2*j**2 + 3*j + 2. Give r(-3).
56
Let g(l) = 2*l - 3. Determine g(3).
3
Let j(z) = -z - 2. Give j(-2).
0
Let m(v) = 6*v - 43. Determine m(9).
11
Let z(a) = a**2 + 10*a + 1. What is z(-9)?
-8
Let u(n) = 2*n**3 + 5*n**2 + 2*n + 6. Give u(-3).
-9
Let s(n) = -n**2 - 6*n - 7. Give s(-6).
-7
Let r(p) = -13*p - 62. Determine r(-5).
3
Let i(v) = -3*v**2 + 32*v + 97. Calculate i(13).
6
Let a(s) = s**3 - 29*s**2 + 30*s - 58. Calculate a(28).
-2
Let u(d) = -19*d - 199. Calculate u(-11).
10
Let y(w) = -2*w - 2. What is y(6)?
-14
Let o(j) = -j**2 + 16*j - 3. Give o(13).
36
Let c(k) = 5*k**2 + 60*k - 123. Calculate c(2).
17
Let z(b) = 2*b**3 + 14*b**2 + 12*b + 4. Give z(-6).
4
Let i(l) = -l**3 - 41*l**2 - 48*l - 337. What is i(-40)?
-17
Let l(d) = 6*d + 56. Determine l(-11).
-10
Let v(b) = 61*b - 24. Determine v(0).
-24
Let k(l) = 3*l + 9. Give k(7).
30
Let u(h) = -h**2 - 9*h - 21. Give u(-4).
-1
Let b(i) = 4*i - 4. What is b(-4)?
-20
Let f(h) = -13*h - 10. Calculate f(-4).
42
Let h(x) = x**2 - 14*x + 24. What is h(12)?
0
Let r(n) = n**2 + 11*n + 16. Determine r(-10).
6
Let h(l) = -19*l**3 + l**2 - l - 3. What is h(-1)?
18
Let n(c) = 2*c + 2. Calculate n(8).
18
Let f(s) = -2*s - 6. What is f(-12)?
18
Let r(k) = -k**3 + 19*k**2 - 24*k + 112. Calculate r(18).
4
Let k(r) = 11*r - 14. Give k(-4).
-58
Let t(n) = -23*n + 1179. Give t(51).
6
Let q(v) = 10*v**2 - 4*v - 4. Determine q(-1).
10
Let b(y) = 41*y**3 - y**2 + 3*y - 2. What is b(1)?
41
Let f(u) = 5*u**3 - 2*u**2 + 4*u - 3. Determine f(1).
4
Let m(t) = 11*t**3 + t**2 - 2*t + 1. What is m(1)?
11
Let a(n) = 18*n + 3. What is a(-2)?
-33
Let d(w) = -w**2 - 2*w. What is d(2)?
-8
Let c(g) = g**3 - 10*g**2 + g - 18. What is c(10)?
-8
Let t(u) = -2*u**3 - 22*u**2 - 9*u - 101. Determine t(-11).
-2
Let g(i) = i**2 - 9*i + 5. Determine g(8).
-3
Let k(x) = x**2 + 7*x - 10. What is k(-9)?
8
Let j(v) = -7*v + 13. Give j(-4).
41
Let c(q) = 10*q + 1. Give c(-1).
-9
Let r(h) = -15*h - 13. Determine r(-2).
17
Let n(c) = 9*c**2 - 60*c - 16. Give n(7).
5
Let f(o) = -o**3 + 7*o**2 + 4*o - 12. Calculate f(7).
16
Let x(z) = -z**3 - 6*z**2 + 6*z - 3. Give x(-5).
-58
Let z(q) = 3*q**3 + 7*q**2 + 4*q + 3. What is z(-2)?
-1
Let r(u) = 2*u**3 + 6*u**2 - 3*u - 3. What is r(-4)?
-23
Let x(g) = -10*g - 6. What is x(2)?
-26
Let q(k) = k**3 - 19*k**2 + 32*k + 35. What is q(17)?
1
Let k(p) = -p + 4. Calculate k(-7).
11
Let a(g) = g**3 - 6*g**2 + g + 5. Determine a(6).
11
Let i(h) = 2*h**3 + h**2 - 2. Give i(1).
1
Let f(z) = -z**3 + 2*z**2 + 5*z + 6. Calculate f(5).
-44
Let y(x) = -x**3 + 9*x**2 - 10*x + 6. What is y(6)?
54
Let a(v) = -v**3 + 5*v**2 + 7*v + 7. What is a(6)?
13
Let f(k) = 7*k - 10. Calculate f(-4).
-38
Let h(c) = -8*c - 165. Calculate h(-22).
11
Let o(r) = -r**2 + 36*r + 243. What is o(-6)?
-9
Let i(f) = 9*f - 17. What is i(4)?
19
Let z(y) = y**2 + 6*y + 4. Calculate z(-4).
-4
Let x(g) = 4*g + 32. Give x(-8).
0
Let y(u) = u**2 - 7*u - 24. Give y(10).
6
Let b(z) = 26*z**2 - z. What is b(-1)?
27
Let l(z) = 3*z**2 + 8*z + 12. Calculate l(-5).
47
Let w(c) = -30*c - 135. Give w(-4).
-15
Let f(v) = -v**3 + 11*v**2 - 7*v - 4. Determine f(10).
26
Let w(z) = 18*z**2 + 2*z. Give w(-1).
16
Let o(z) = z**3 + 8*z**2 - 12. Calculate o(-7).
37
Let l(d) = 19*d - 9. What is l(-3)?
-66
Let s(l) = l**2 + 2*l - 27. What is s(-6)?
-3
Let y(g) = g - 1. Calculate y(-5).
-6
Let u(d) = 6*d - 38. What is u(7)?
4
Let h(p) = p**2 + 20*p + 77. Calculate h(-6).
-7
Let y(n) = -n**3 - n**2 + 4*n + 1. Give y(3).
-23
Let g(w) = w**2 - 2*w + 42. Calculate g(0).
42
Let k(v) = 14*v + 6. Calculate k(-2).
-22
Let w(z) = z**3 - 20*z**2 + 18*z + 11. Give w(19).
-8
Let b(s) = -s**3 + 9*s**2 - 2*s + 7. Give b(9).
-11
Let o(l) = l**2 - 8*l - 15. Give o(11).
18
Let k(s) = 41*s**2 + 1. What is k(1)?
42
Let n(k) = k**3 - 8*k**2 + 7*k. Calculate n(5).
-40
Let r(u) = 9*u**3 + 3*u**2 - 3*u + 4. Give r(2).
82
Let b(c) = -c**3 + 5*c**2 + 18*c - 14. What is b(7)?
14
Let f(l) = -l**3 + 17*l**2 + 17*l - 10. Calculate f(18).
-28
Let h(d) = -8*d**2 + d - 1. What is h(1)?
-8
Let m(k) = -8*k**2 + 56*k - 3. Calculate m(8).
-67
Let u(k) = -6*k + 8. Calculate u(-4).
32
Let m(s) = 2*s**2 - 2*s + 156. Give m(0).
156
Let l(t) = -t**3 - 3*t**2 + 6*t + 16. Determine l(-2).
0
Let n(v) = 2*v + 7. Give n(3).
13
Let q(j) = -2*j + 2. What is q(9)?
-16
Let a(h) = 6*h + 25. Calculate a(-15).
-65
Let l(r) = r**2 + 13*r + 24. Give l(-11).
2
Let x(w) = w**2 + 2*w + 5. What is x(0)?
5
Let q(j) = -j - 10. Determine q(-5).
-5
Let b(v) = v**3 - 6*v**2 + 6*v + 12. What is b(6)?
48
Let k(u) = -u**3 + 15*u**2 + 56*u - 37. Determine k(18).
-1
Let n(z) = 2*z**3 - 44*z**2 + 46*z - 81. Determine n(21).
3
Let x(l) = 22*l + 93. Give x(-5).
-17
Let m(f) = -5*f - 19. Calculate m(-5).
6
Let t(x) = 8*x - 135. What is t(13)?
-31
Let c(k) = -k**3 + 11*k**2 - 9*k - 15. Give c(10).
-5
Let d(h) = 5*h + 37. Give d(-8).
-3
Let h(i) = i**2 + 2*i - 18. Determine h(-9).
45
Let u(w) = w**2 + 4*w - 22. Calculate u(-6).
-10
Let z(f) = -31*f + 3. Give z(-1).
34
Let x(c) = -c**2 - 22*c + 57. Determine x(-24).
9
Let q(z) = -z**3 + z**2 + 3*z + 1. Give q(-2).
7
Let x(t) = -t**3 - 9*t**2 + 8. Calculate x(-9).
8
Let a(i) = i**2 + 9*i + 5. Determine a(-4).
-15
Let l(d) = -d**3 - 8*d**2 - 11*d - 15. Calculate l(-7).
13
Let w(l) = -l**3 + 10*l**2 + 8*l + 26. Give w(11).
-7
Let h(k) = -k**3 + 13*k**2 - 32*k + 8. Give